, 3*q = -2*m + 235. Suppose 4 = -5*d + m. Calculate the remainder when d is divided by c(-7).
10
Suppose 14*y = 79 + 33. What is the remainder when (-37)/(-3) - (-4)/6 is divided by y?
5
Suppose 0 = -i + 9 + 10. Calculate the remainder when 32 is divided by i.
13
Let x(g) = -1 - 13*g**2 - 1 + 13 - 13*g + 0*g**3 - g**3. Calculate the remainder when x(-12) is divided by 13.
10
Let i(o) = 5*o**2 - 12*o - 7. Calculate the remainder when i(-3) is divided by (-20)/2*5/(-2).
24
Suppose -6*o = 4*d - o - 7, -3*d + 34 = -2*o. Let u = d + -5. Let r = u + 12. Calculate the remainder when 44 is divided by r.
14
Let f = -32 + 87. What is the remainder when f is divided by (-12)/20 - 73/(-5)?
13
Suppose -g - 5 = -4*r - 28, -179 = -5*g + 4*r. Calculate the remainder when 348 is divided by g.
36
Let g = -2 + 4. What is the remainder when (48/(-56))/((-3)/14) is divided by g?
0
Let s = -27 + 34. Calculate the remainder when (38/(-8))/(2/(-8)) is divided by s.
5
What is the remainder when 91 is divided by 23*(-5 - -4)*-1 + 1?
19
Suppose 4*v - 4*l = 60, 0 = -2*v - l - l + 22. Calculate the remainder when v is divided by 7.
6
Let n be 1998/(-9)*6/(-4). Let i = -224 + n. Calculate the remainder when i is divided by 28.
25
Let n be 2*(-2 - (-7)/2). Suppose b = 2*f + 2*b - 66, -2*f = n*b - 66. Calculate the remainder when f is divided by 12.
9
Let o = -48 - -53. What is the remainder when 3/(-9)*3*-13 is divided by o?
3
Let o = 11 + 11. What is the remainder when o is divided by 0 + (-1 + 3 - -10)?
10
Let m = -1 + 5. Suppose -m*y - 3*w = -6*w - 205, 0 = 5*y - w - 270. What is the remainder when y is divided by 19?
17
Suppose -4*o + 168 = -5*k, 0 = -k + 4*k + 12. What is the remainder when 146 is divided by o?
35
Suppose 3*z + 2*f - 86 = 0, -11 + 114 = 4*z + 5*f. Calculate the remainder when 63 is divided by z.
31
Let s be 2/2 + (-48)/(-3). Suppose -s = 2*x - 3*f, -4*f = -x - f - 16. What is the remainder when -4*(-1 + x/(-2)) is divided by 1?
0
Let m(f) = 2*f**3 - 15*f**2 - 6*f - 10. Suppose -h = -6*h + 20. What is the remainder when m(8) is divided by h?
2
Suppose -i - 4*j + 2 = -2, j - 4 = -i. Let x(s) = 0*s - i*s - 6*s - s. Calculate the remainder when 65 is divided by x(-2).
21
Let t(u) = 6*u**2 + 3*u + 3. What is the remainder when t(-2) is divided by 8?
5
What is the remainder when (14/6 + -1)/(70/5145) is divided by 25?
23
Let u be (-2)/(-10) - (-21)/(-5). Let l = 4 + u. Suppose 2*p - 32 = d, -4*p + 58 = d - l. What is the remainder when 44 is divided by p?
14
Let k(i) = -i**2 + 13*i - 6. What is the remainder when k(12) is divided by 2?
0
Let c be 3/2*12/9. Suppose 3*w - 35 = c*w. Let k = -26 + 44. Calculate the remainder when w is divided by k.
17
Let f be (-3 - -5)*6/4. Suppose f*p + 11 = 4*p. What is the remainder when 21 is divided by p?
10
Let c(p) = 2*p. Suppose -m + 0 = -3. Let g(j) = 10*j**3 + j**2. What is the remainder when g(1) is divided by c(m)?
5
Suppose -120 = -5*q + 3*p + 2*p, -4*q = 4*p - 104. Suppose -7 - q = -h. What is the remainder when h is divided by 11?
10
Let u(m) = -m**2 + 14*m - 9. Calculate the remainder when u(12) is divided by 4.
3
Let y = -19 - -23. Let a(r) = -r**3 + 3*r**2 + 5*r + 3. What is the remainder when 11 is divided by a(y)?
4
Suppose -5*n + 25 = 0, 3*l - 3*n - 7 = -64. Let i = l - -26. Calculate the remainder when ((-46)/(-8))/(1/4) is divided by i.
11
Let z(t) = -t**3 + 5*t**2 - 3*t + 2. Let s be z(4). Suppose 3*x + 519 = s*x. Let m = x + -117. What is the remainder when m is divided by 19?
18
Let x(z) = -3*z**3 - 6*z - 15. What is the remainder when 125 is divided by x(-2)?
20
Calculate the remainder when 166 is divided by (-2)/2 - (-39 + -4).
40
Let b = -2 + 7. Suppose -b*a = -31 + 11. Suppose -15 = -2*d + 4*r + 19, a*d = -r + 23. Calculate the remainder when 13 is divided by d.
6
Let r(c) = -c**2 + 9*c + 11. Let b be r(10). Let p = b + 7. Suppose -3*s - 3*n = -45, -2*s + 33 = s - 3*n. Calculate the remainder when s is divided by p.
5
Let u = -43 - -59. What is the remainder when 108 is divided by u?
12
Let l = 84 + -31. What is the remainder when l is divided by 18?
17
Let n = 88 + -69. What is the remainder when 37 is divided by n?
18
Let l = 67 - 32. Calculate the remainder when l is divided by 12.
11
Let i(z) = -z**2 - z + 35. Suppose -4*w = 2*k - 0*k, 0 = 4*w + k. Let q be i(w). Let a = q + -17. What is the remainder when 52 is divided by a?
16
Let d(a) = a**3 - 9*a**2 + 8*a + 3. Let t be d(8). Suppose -t = -r - 5. Let v(i) = -i**3 - i**2 - 3*i - 2. Calculate the remainder when 22 is divided by v(r).
6
Suppose 5*g = -3*y + 21, -4*g + 4 = -2*y - 2*y. Suppose -w + 5*m + 26 = 0, 0 = -y*w - 2*w + 4*m + 104. Calculate the remainder when 75 is divided by w.
23
Suppose -u - 2*u = -147. Calculate the remainder when u is divided by 13.
10
Let b(n) = -4*n + 1. Calculate the remainder when b(-10) is divided by 2/(-3)*-21*1.
13
Calculate the remainder when (-35)/(-21)*(65 - 2) is divided by 27.
24
Let z(b) = 0*b + b + 5 - 3 + 0*b. What is the remainder when 9 is divided by z(2)?
1
Let r(x) = 4*x**2 - 8*x - 5. Calculate the remainder when 2*2/4 - -32 is divided by r(3).
5
Suppose -2 = 3*s - 17. What is the remainder when ((-16)/(-2) - 2)*3 is divided by s?
3
Suppose 0 = 5*k - 45 - 55. What is the remainder when 80 + (-4)/2 + 1 is divided by k?
19
Suppose 4*c - 24 = 4*l, -l - 6 = l. Suppose -3*n + c*z + 49 = 7*z, -z + 1 = 0. Calculate the remainder when 74 is divided by n.
14
Suppose 9 = 3*u - 78. Suppose a - 11 = 4. Calculate the remainder when u is divided by a.
14
Suppose -6*n + 6 = -3*n. Let o(q) = 8*q**3 + q**2 + 4*q - 3. Calculate the remainder when o(n) is divided by 19.
16
Suppose -2*b - 3 = -7. Suppose 2*w + 0*k + 3 = k, 0 = 3*w - 3*k + 12. What is the remainder when 12 + w*(-1 + b) is divided by 8?
5
Let c(d) = -5*d + 3. What is the remainder when c(-8) is divided by 12?
7
Let v(n) = -n**3 + 6*n**2 + 10*n - 6. What is the remainder when 46 + -2 - 0/2 is divided by v(7)?
14
Let j = 111 - 55. Let s(m) be the first derivative of 2*m**3/3 + 2*m**2 + 3*m + 1. Calculate the remainder when j is divided by s(-4).
18
Let a(u) = u**3 - 8*u**2 + u - 4. Let q be a(8). Suppose -5*y - 2*r + q*r = -44, -r = 4*y - 43. Calculate the remainder when 29 is divided by y.
9
Calculate the remainder when (-8)/(-16) + (-146)/(-4) is divided by 22.
15
Suppose 2*x = 3*x + w - 15, 4*w = -2*x + 36. What is the remainder when x is divided by 5?
2
Let m = -23 + 43. Suppose o + 4*w = m, 6*o - 132 = o - 4*w. Calculate the remainder when o is divided by 10.
8
Suppose 0 = -3*r - 2*r - 140. Let s = 16 - 30. Let q = s - r. What is the remainder when 26 is divided by q?
12
Let c = 26 + -7. Let k = 1 + 4. What is the remainder when c is divided by k?
4
Suppose 102 = 3*j - 27. Calculate the remainder when j is divided by 9.
7
Let c = -10 - -1. Let t = c + 18. Calculate the remainder when 26 is divided by t.
8
Let r(y) = -y + 6. What is the remainder when 18 is divided by r(-4)?
8
Let z(n) = -6*n**2 + 0 - 16*n + n**3 + 5*n + 1. Calculate the remainder when z(8) is divided by 11.
8
Suppose -11 = -5*f + 9. Suppose 14 = 4*i - 2*j, -f*i + 3*j = -2*i - 1. Let t = i + 7. Calculate the remainder when 23 is divided by t.
11
Let b(l) = l + 2. Let y be b(0). Let x(i) = -2*i**3 + 2*i**2 - i. Let c be x(y). What is the remainder when 124/10 - (-4)/c is divided by 7?
5
Let q(g) = -5*g**3 + g**2 + g + 1. Let i be q(-1). Calculate the remainder when (-44)/(-3) + 2/i is divided by 4.
3
Let v(l) = l - 7. Let h be v(6). Let k(g) = -g**2. Let b(s) = -s**3 - 2*s**2 - s. Let y(m) = h*b(m) + 4*k(m). Calculate the remainder when 4 is divided by y(2).
0
Let m = 6 - 3. Suppose 42 = m*c - 36. Calculate the remainder when 103 is divided by c.
25
Let j = 18 - -2. Let u = 85 - 79. Calculate the remainder when j is divided by u.
2
Let b = -26 + 35. Let s(v) be the second derivative of 7*v**3/6 - v**2 - v. Calculate the remainder when s(4) is divided by b.
8
Let a = -84 + 120. Calculate the remainder when (12/16)/(1/92) is divided by a.
33
Suppose -3*k + 82 = d + 22, 5*d + k = 286. Let m = 36 + -7. What is the remainder when d is divided by m?
28
Let u(y) = -6*y - 4. Suppose 6*z = 11*z + 10. Let o = -7 + z. What is the remainder when u(o) is divided by 13?
11
Let d = 19 + -12. Wh